 are the prime factors of u?
43
Suppose 12*b - 5067140 = -60*b + 7*b. What are the prime factors of b?
2, 19489
Suppose -3*v = -2*i - 131, -4*v + 4*i + 172 = -0*v. What are the prime factors of 26740/v + -3 + 100/36?
2, 3, 11
Let z(p) = 4*p**3 - 18*p**2 + 10*p + 8. What are the prime factors of z(5)?
2, 3
Let q = -18 - -25. Suppose 0 = -7*p - q - 14. What are the prime factors of -2*p/(-4) + (-115)/(-2)?
2, 7
Suppose 6256 = -22*y + 26*y - 4*g, -3 = 3*g. List the prime factors of y.
3, 521
Let u(a) = -2*a + 1. Let h be u(-3). Suppose 11*x - h*x - 244 = 0. Suppose -16 = q - x. List the prime factors of q.
3, 5
Let n(v) = 3*v**3 - v**2 + 6*v + 8. Let g be n(-3). Let j = g - -369. What are the prime factors of j?
269
Suppose -48*u + 116*u - 506668 = 0. List the prime factors of u.
7451
List the prime factors of (-864)/324*(-2382)/4.
2, 397
Let u(j) = 13*j**2 - 40*j + 107. List the prime factors of u(18).
59, 61
Suppose -24 = 12*z - 8*z, 4*z = -g + 19630. List the prime factors of g.
2, 31, 317
Suppose -46 = -9*i - 1. Suppose 5*l + 4*a = 760, -3*a = -i*l - 6*a + 765. List the prime factors of l.
2, 3, 13
Let g(k) = -k**3 + 23*k**2 - 33*k - 31. Let p be g(14). List the prime factors of 3 - 11 - (2 - p).
13, 97
Suppose 0 = -j + 2*f - 4*f + 5, 2*f + 40 = 4*j. Let n = 13 - j. Suppose n*z - 3*z - 524 = -2*c, -4*c - z + 1046 = 0. List the prime factors of c.
3, 29
Let t(c) = -646*c + 21936. List the prime factors of t(0).
2, 3, 457
Let r(t) = 7*t**2 - 40*t + 49. Let p(d) = d**2 - d - 1. Let s(h) = 6*p(h) - r(h). What are the prime factors of s(12)?
11, 19
Let x(s) = -s**3 + 11*s**2 + 12*s + 3. Let o be x(12). Suppose -o*t + j = -13, -t = -6*t - 4*j - 1. Let r(n) = 27*n + 2. What are the prime factors of r(t)?
83
Suppose -2610*g - 4*d + 52144 = -2607*g, -5*g - 3*d = -86881. List the prime factors of g.
2, 43, 101
Suppose 30*r + 33 = 123. Let f(h) = 5*h**3 - 2*h**2 + 9*h - 18. What are the prime factors of f(r)?
2, 3, 7
What are the prime factors of ((-2)/8*17 - (-125)/500) + 18610?
2, 3, 7, 443
Let r be -3 + (5 + -3 - 4). Let y be (58/12 - r) + (-2)/(-12). List the prime factors of (-28 + -2)/(0 - y/25).
3, 5
Let t be 11/(-22) - 94/4. List the prime factors of (-2413)/(-4) + 30/t.
2, 7, 43
Suppose -4*w = -4*d - 20, -4*w + 12 + 6 = -3*d. Suppose -774 = -6*n + w*n. Suppose -2*k + n = -0*o + 3*o, 3*k + 411 = 5*o. What are the prime factors of o?
2, 3, 7
Suppose -2*q - 21*q + 194880 = 25*q. List the prime factors of q.
2, 5, 7, 29
Let l(x) = 68*x + 5153. What are the prime factors of l(14)?
3, 5, 11, 37
What are the prime factors of (10505/(-22))/(12/(-1416))?
5, 59, 191
List the prime factors of (22112/(-10))/(14/(-35)).
2, 691
Let z(p) = -2*p**3 + 41*p**2 - 16*p - 15. What are the prime factors of z(6)?
3, 311
What are the prime factors of (-28646 + 5)*6/(-18)?
9547
Let o(n) = 39*n - 11. Let r be 2 + 5 - (2 - 6/6). List the prime factors of o(r).
223
List the prime factors of (-39068)/(-6)*(-21)/(-14).
9767
Let d(m) = -2*m**3 - 52*m**2 - 12*m - 50. Let z be d(-26). Suppose 6 = -2*u, -5*p + 4*u + z + 1590 = 0. What are the prime factors of p?
2, 23
Suppose -21720 = -l - 2*v, -23*v + 27*v + 8 = 0. List the prime factors of l.
2, 5431
Suppose -21*q + 23*q = -10. Let h = 902 + -363. List the prime factors of (-1)/(-4) + q/(-20)*h.
3, 5
Suppose 18*g - 26967 = 6729. What are the prime factors of g?
2, 3, 13
Let n(b) be the second derivative of -9*b**2 + 5/2*b**3 - 25*b + 0. List the prime factors of n(6).
2, 3
Let n(b) = -b**3 - 6*b**2 + 10*b + 8. Let l be n(-11). Suppose 12*p = 133 + l. Suppose -d + p = -202. What are the prime factors of d?
3, 5, 17
Suppose v + 22680 = 8*v. List the prime factors of 1 + v/(12/3).
811
Suppose 0 = 6*b - 10*b - 4*y + 68, 5*b + 3*y - 81 = 0. Suppose 0 = -21*r + b*r + 264. List the prime factors of r.
2, 11
Suppose 4*b = 2*f - 4*f + 2418, -4*f - 2388 = -4*b. Let m = -7 + b. What are the prime factors of m?
5, 7, 17
Let r(t) = 9*t**3 - 4*t**2 + t + 2. Let d(u) = -u**2 + 15*u + 18. Let f be d(16). Suppose 0 = 4*h - 4*w, 2*w + f*w = h + 6. What are the prime factors of r(h)?
2, 3, 5
Let i be 990 + -2 - (3 + -7 - -8). Let p = i + -626. What are the prime factors of p?
2, 179
Let b(x) = -31*x - 38. Let l = 72 - 66. Let i(u) = -91*u - 113. Let n(z) = l*i(z) - 17*b(z). List the prime factors of n(-7).
101
Let r(d) = 36*d - 3 - 10 - 38*d - 51*d. Let s be r(-6). What are the prime factors of (-2)/(-4) - s/(-2)?
3, 17
Suppose -37542 + 3644 = -4*o + 2*k, -o = -k - 8477. Suppose 0 = -3*i + 27*i - o. What are the prime factors of i?
353
Let m(x) = 2*x**3 + 102*x**2 - 8*x + 93. What are the prime factors of m(-50)?
3, 1831
Let g(x) = 2563*x + 6480. List the prime factors of g(8).
2, 3373
Let f(y) = -2*y**3 - 30*y**2 - 32*y - 53. Let p be f(-14). Suppose 2*r - p*r + 3*h = -563, 2*r - 1129 = 3*h. What are the prime factors of r?
2, 283
Let f(h) be the third derivative of h**5/6 - 13*h**4/24 + 17*h**3/3 + 140*h**2. What are the prime factors of f(11)?
3, 367
Suppose 28902 = 5*f - 72465 - 32438. What are the prime factors of f?
7, 3823
Let p(l) = -l**3 + 14*l**2 - 14*l - 28. Let c(r) = -12*r**3 - 2*r**2 + 2. Let d = -72 - -71. Let m be c(d). List the prime factors of p(m).
2, 23
Suppose 5 = c - v, 3*c + 19 = 7*c - 3*v. Let d = 26 + -29. List the prime factors of (318/(-4))/(d/c).
2, 53
Let k(u) = -106*u + 9129. List the prime factors of k(0).
3, 17, 179
Suppose 0 = 4*r - 3*r - 12351 - 13238. What are the prime factors of r?
25589
Let k = -1907 - -3851. Suppose -z - k = -9*z. List the prime factors of z.
3
Let a = 12 + -12. Suppose 0 = -a*u + 4*u - 1512. Suppose 3*v - u = 3. List the prime factors of v.
127
Suppose 3*a - 15070 = -2*j, 0 = -4*j + 6*a - 4*a + 30156. What are the prime factors of j?
2, 3769
Suppose 3*f = q - 1 + 8, -7 = -2*q - f. Let i be 2*(q/(-4) + 4). Let w(j) = j**3 - 17*j + 9. What are the prime factors of w(i)?
233
Let w be -75 + 0 + (13 - 6). Let n = 54 - w. List the prime factors of n.
2, 61
Suppose 16*i + j = 19*i - 73945, 0 = -11*i - 5*j + 271175. What are the prime factors of i?
2, 5, 17, 29
Let c = 24707 + 34490. List the prime factors of c.
59197
Suppose 4*v - 117936 = -4*h, -8110*v + 147420 = 5*h - 8115*v. What are the prime factors of h?
2, 3, 7, 13
Suppose -20*u = -5*z - 21*u + 8160, 2*u = 0. Suppose 3*p = -2*n - 421 + z, -4*n = 3*p - 2413. List the prime factors of n.
601
Let d = -6 + 37. Suppose d*w - 36*w + 3625 = 0. List the prime factors of w.
5, 29
Suppose 2*t + 8 = 6*t. Suppose t*y - 5 = 5. Suppose x - 2*w = -4*x + 16, 5*w - 30 = -y*x. List the prime factors of x.
2
Let z be 5 + (8/(-16))/(2/4). Suppose -5*r + 32 = -0*r + z*y, 5*r - 17 = y. Suppose 0 = -5*n + r*u + 444, 3*n - 2*n - u - 89 = 0. List the prime factors of n.
2, 11
Let a(f) be the third derivative of 11/20*f**5 + 1/6*f**3 - 1/8*f**4 + 14*f**2 + 0*f + 0. What are the prime factors of a(1)?
31
Suppose 565*w + 4*b = 569*w - 43312, 10822 = w + 5*b. List the prime factors of w.
3, 401
Let m(z) = 12*z + 31. Let n(d) = 3*d - 11. Let a be n(5). Suppose j = -a*j + 30. What are the prime factors of m(j)?
103
Suppose 0*m - m = -5. Suppose m*k - 102 = -7. List the prime factors of k*(-4 + 13) - 0.
3, 19
Suppose 24 - 4 = 5*t + 2*r, 0 = 3*t + 5*r + 7. Suppose -t*g - 1 = -4*g - 5*w, -3*g + 2*w = -4. What are the prime factors of (33/44)/(g/(-8)) + 14?
11
Let c(f) = f**3 - 11*f**2 - 3*f + 8. Let r be c(11). Let v(w) = 3*w**3 - 3*w**2 + 29*w + 92. Let x be v(-3). Let b = r - x. List the prime factors of b.
2, 3, 13
Suppose 13699 + 17137 = -26*a. Let l = -633 - a. What are the prime factors of l?
7, 79
Let m be 3/1*10/6. Suppose 437 = 3*j + m*n, -7*j = -5*j + 2*n - 290. Let w = 226 - j. List the prime factors of w.
2, 41
Let i = 979 + 1506. Suppose -19*v = -12574 + i. List the prime factors of v.
3, 59
Let g(f) = f**3 + 17*f**2 + 21*f + 22. Let m be g(-14). Suppose 326 = d - 2*n, -3*n - m = -d - 6*n. List the prime factors of d.
2, 7, 23
Suppose 1095 = 2*f - 3*f. Let h = -705 - f. List the prime factors of h.
2, 3, 5, 13
Let y(t) = -t - 7. Let n be y(-17). Suppose -2*b - n + 0 = 0. List the prime factors of -4*-14*b/(-4).
2, 5, 7
Let n = -22 + 22. Suppose 5*r = 3*o - 54, n = 2*r - 4*o + 3*o + 21. What are the prime factors of 11 + r - (-74)/2?
3, 13
Let n(t) = 13*t